{"version":"1.0","provider_name":"Club des Cent Cols","provider_url":"https:\/\/centcols.org\/en","author_name":"Christophe Badonnel","author_url":"https:\/\/centcols.org\/en\/author\/5799\/","title":"S\u00e9jour de printemps \u00e0 Gilette (Alpes-Maritimes) du 16 au 23 mai 2026 - Club des Cent Cols","type":"rich","width":600,"height":338,"html":"<blockquote class=\"wp-embedded-content\" data-secret=\"6K3ffAydmT\"><a href=\"https:\/\/centcols.org\/en\/sejour-printemps-2026-gilette\/\">Spring break in Gilette (Alpes-Maritimes) from 16 to 23 May 2026<\/a><\/blockquote><iframe sandbox=\"allow-scripts\" security=\"restricted\" src=\"https:\/\/centcols.org\/en\/sejour-printemps-2026-gilette\/embed\/#?secret=6K3ffAydmT\" width=\"600\" height=\"338\" title=\"\u201cSpring break in Gilette (Alpes-Maritimes) from 16 to 23 May 2026\u201d - Club des Cent Cols\" data-secret=\"6K3ffAydmT\" frameborder=\"0\" marginwidth=\"0\" marginheight=\"0\" scrolling=\"no\" class=\"wp-embedded-content\"><\/iframe><script type=\"text\/javascript\">\n\/* <![CDATA[ *\/\n\/*! This file is auto-generated *\/\n!function(d,l){\"use strict\";l.querySelector&&d.addEventListener&&\"undefined\"!=typeof URL&&(d.wp=d.wp||{},d.wp.receiveEmbedMessage||(d.wp.receiveEmbedMessage=function(e){var t=e.data;if((t||t.secret||t.message||t.value)&&!\/[^a-zA-Z0-9]\/.test(t.secret)){for(var s,r,n,a=l.querySelectorAll('iframe[data-secret=\"'+t.secret+'\"]'),o=l.querySelectorAll('blockquote[data-secret=\"'+t.secret+'\"]'),c=new RegExp(\"^https?:$\",\"i\"),i=0;i<o.length;i++)o[i].style.display=\"none\";for(i=0;i<a.length;i++)s=a[i],e.source===s.contentWindow&&(s.removeAttribute(\"style\"),\"height\"===t.message?(1e3<(r=parseInt(t.value,10))?r=1e3:~~r<200&&(r=200),s.height=r):\"link\"===t.message&&(r=new URL(s.getAttribute(\"src\")),n=new URL(t.value),c.test(n.protocol))&&n.host===r.host&&l.activeElement===s&&(d.top.location.href=t.value))}},d.addEventListener(\"message\",d.wp.receiveEmbedMessage,!1),l.addEventListener(\"DOMContentLoaded\",function(){for(var e,t,s=l.querySelectorAll(\"iframe.wp-embedded-content\"),r=0;r<s.length;r++)(t=(e=s[r]).getAttribute(\"data-secret\"))||(t=Math.random().toString(36).substring(2,12),e.src+=\"#?secret=\"+t,e.setAttribute(\"data-secret\",t)),e.contentWindow.postMessage({message:\"ready\",secret:t},\"*\")},!1)))}(window,document);\n\/\/# sourceURL=https:\/\/centcols.org\/wp-includes\/js\/wp-embed.min.js\n\/* ]]> *\/\n<\/script>","thumbnail_url":"https:\/\/centcols.org\/wp-content\/uploads\/2025\/11\/vue-densemble-du-village.jpg","thumbnail_width":1200,"thumbnail_height":675,"description":"Ont contribu\u00e9 \u00e0 cette page de pr\u00e9sentation du s\u00e9jour Jean Michel Clausse, Christophe Badonnel et les responsables informatiques. Les inscriptions pour Gilette 2026 sont closes. Le s\u00e9jour de printemps 2026 se d\u00e9roulera du 16 au 23 mai 2026 au \u00abDomaine de l\u2019Olivaie\u00bb, centre de vacances ULVF (Union Loisirs Vacances Familles) \u00e0 Gilette. Il a \u00e9t\u00e9 [&hellip;]"}

Séjour de printemps à Gilette (Alpes-Maritimes) du 16 au 23 mai 2026 - Club des Cent Cols

Ont contribué à cette page de présentation du séjour Jean Michel Clausse, Christophe Badonnel et les responsables informatiques. Les inscriptions pour Gilette 2026 sont closes. Le séjour de printemps 2026 se déroulera du 16 au 23 mai 2026 au «Domaine de l’Olivaie», centre de vacances ULVF (Union Loisirs Vacances Familles) à Gilette. Il a été [&hellip;]
