{"version":"1.0","provider_name":"Club des Cent Cols","provider_url":"https:\/\/centcols.org\/es","author_name":"Guy Harl\u00e9","author_url":"https:\/\/centcols.org\/es\/author\/5193\/","title":"Alpes du Sud, col d'Espr\u00e9aux, 14 septembre 2019 - Club des Cent Cols","type":"rich","width":600,"height":338,"html":"<blockquote class=\"wp-embedded-content\" data-secret=\"O26SXskBEz\"><a href=\"https:\/\/centcols.org\/es\/alpes-du-sud-col-despreaux-14-septembre-2019\/\">Alpes del Sur, Col d'Espr\u00e9aux, 14 de septiembre de 2019<\/a><\/blockquote><iframe sandbox=\"allow-scripts\" security=\"restricted\" src=\"https:\/\/centcols.org\/es\/alpes-du-sud-col-despreaux-14-septembre-2019\/embed\/#?secret=O26SXskBEz\" width=\"600\" height=\"338\" title=\"\u00abAlpes del Sur, Col d&#039;Espr\u00e9aux, 14 de septiembre de 2019\u00bb - Club des Cent Cols\" data-secret=\"O26SXskBEz\" frameborder=\"0\" marginwidth=\"0\" marginheight=\"0\" scrolling=\"no\" class=\"wp-embedded-content\"><\/iframe><script type=\"text\/javascript\">\n\/* <![CDATA[ *\/\n\/*! This file is auto-generated *\/\n!function(d,l){\"use strict\";l.querySelector&&d.addEventListener&&\"undefined\"!=typeof URL&&(d.wp=d.wp||{},d.wp.receiveEmbedMessage||(d.wp.receiveEmbedMessage=function(e){var t=e.data;if((t||t.secret||t.message||t.value)&&!\/[^a-zA-Z0-9]\/.test(t.secret)){for(var s,r,n,a=l.querySelectorAll('iframe[data-secret=\"'+t.secret+'\"]'),o=l.querySelectorAll('blockquote[data-secret=\"'+t.secret+'\"]'),c=new RegExp(\"^https?:$\",\"i\"),i=0;i<o.length;i++)o[i].style.display=\"none\";for(i=0;i<a.length;i++)s=a[i],e.source===s.contentWindow&&(s.removeAttribute(\"style\"),\"height\"===t.message?(1e3<(r=parseInt(t.value,10))?r=1e3:~~r<200&&(r=200),s.height=r):\"link\"===t.message&&(r=new URL(s.getAttribute(\"src\")),n=new URL(t.value),c.test(n.protocol))&&n.host===r.host&&l.activeElement===s&&(d.top.location.href=t.value))}},d.addEventListener(\"message\",d.wp.receiveEmbedMessage,!1),l.addEventListener(\"DOMContentLoaded\",function(){for(var e,t,s=l.querySelectorAll(\"iframe.wp-embedded-content\"),r=0;r<s.length;r++)(t=(e=s[r]).getAttribute(\"data-secret\"))||(t=Math.random().toString(36).substring(2,12),e.src+=\"#?secret=\"+t,e.setAttribute(\"data-secret\",t)),e.contentWindow.postMessage({message:\"ready\",secret:t},\"*\")},!1)))}(window,document);\n\/\/# sourceURL=https:\/\/centcols.org\/wp-includes\/js\/wp-embed.min.js\n\/* ]]> *\/\n<\/script>","description":"Samedi 14 septembre 2019, Alpes SudCol d&rsquo;Espr\u00e9aux (FR-05-1160a) Rassemblement commun avec celui du Comit\u00e9 d\u00e9partemental des Hautes Alpes D\u00e9parts pr\u00e9vus de Gap et TallardRendez-vous pr\u00e9vu pour midi au col c\u00f4t\u00e9 Veynes T\u00e9l\u00e9charger le dossier rassemblement Alpes du Sud ICI Contact Bernard Henry06 08 74 29 59[email]&#98;&#x65;&#114;&#x6e;&#97;&#x72;&#100;&#x2e;&#104;&#x65;&#110;&#x72;&#121;&#x30;&#53;&#x40;&#111;&#x72;&#97;&#x6e;&#103;&#x65;&#46;&#x66;&#114;[\/email]"}

Guy Harlé

Alpes du Sud, col d'Espréaux, 14 septembre 2019 - Club des Cent Cols

<blockquote class="wp-embedded-content" data-secret="O26SXskBEz"><a href="https://centcols.org/es/alpes-du-sud-col-despreaux-14-septembre-2019/">Alpes del Sur, Col d'Espréaux, 14 de septiembre de 2019</a></blockquote><iframe sandbox="allow-scripts" security="restricted" src="https://centcols.org/es/alpes-du-sud-col-despreaux-14-septembre-2019/embed/#?secret=O26SXskBEz" width="600" height="338" title="«Alpes del Sur, Col d&#039;Espréaux, 14 de septiembre de 2019» - Club des Cent Cols" data-secret="O26SXskBEz" frameborder="0" marginwidth="0" marginheight="0" scrolling="no" class="wp-embedded-content"></iframe><script type="text/javascript">
/* <![CDATA[ */
/*! This file is auto-generated */
!function(d,l){"use strict";l.querySelector&&d.addEventListener&&"undefined"!=typeof URL&&(d.wp=d.wp||{},d.wp.receiveEmbedMessage||(d.wp.receiveEmbedMessage=function(e){var t=e.data;if((t||t.secret||t.message||t.value)&&!/[^a-zA-Z0-9]/.test(t.secret)){for(var s,r,n,a=l.querySelectorAll('iframe[data-secret="'+t.secret+'"]'),o=l.querySelectorAll('blockquote[data-secret="'+t.secret+'"]'),c=new RegExp("^https?:$","i"),i=0;i<o.length;i++)o[i].style.display="none";for(i=0;i<a.length;i++)s=a[i],e.source===s.contentWindow&&(s.removeAttribute("style"),"height"===t.message?(1e3<(r=parseInt(t.value,10))?r=1e3:~~r<200&&(r=200),s.height=r):"link"===t.message&&(r=new URL(s.getAttribute("src")),n=new URL(t.value),c.test(n.protocol))&&n.host===r.host&&l.activeElement===s&&(d.top.location.href=t.value))}},d.addEventListener("message",d.wp.receiveEmbedMessage,!1),l.addEventListener("DOMContentLoaded",function(){for(var e,t,s=l.querySelectorAll("iframe.wp-embedded-content"),r=0;r<s.length;r++)(t=(e=s[r]).getAttribute("data-secret"))||(t=Math.random().toString(36).substring(2,12),e.src+="#?secret="+t,e.setAttribute("data-secret",t)),e.contentWindow.postMessage({message:"ready",secret:t},"*")},!1)))}(window,document);
//# sourceURL=https://centcols.org/wp-includes/js/wp-embed.min.js
/* ]]> */
</script>

Samedi 14 septembre 2019, Alpes SudCol d&rsquo;Espréaux (FR-05-1160a) Rassemblement commun avec celui du Comité départemental des Hautes Alpes Départs prévus de Gap et TallardRendez-vous prévu pour midi au col côté Veynes Télécharger le dossier rassemblement Alpes du Sud ICI Contact Bernard Henry06 08 74 29 59[email]&#98;&#x65;&#114;&#x6e;&#97;&#x72;&#100;&#x2e;&#104;&#x65;&#110;&#x72;&#121;&#x30;&#53;&#x40;&#111;&#x72;&#97;&#x6e;&#103;&#x65;&#46;&#x66;&#114;[/email]
