{"version":"1.0","provider_name":"Club des Cent Cols","provider_url":"https:\/\/centcols.org\/es","author_name":"R\u00e9gis Paraz","author_url":"https:\/\/centcols.org\/es\/author\/3225\/","title":"ES-B Gosol - VTT 25 km, D+ 960 m, 6 cols - Club des Cent Cols","type":"rich","width":600,"height":338,"html":"<blockquote class=\"wp-embedded-content\" data-secret=\"bwRfLpbfoq\"><a href=\"https:\/\/centcols.org\/es\/es-b-gosol-vtt\/\">ES-B Gosol - BTT 25 km, D+ 960 m, 6 puertos<\/a><\/blockquote><iframe sandbox=\"allow-scripts\" security=\"restricted\" src=\"https:\/\/centcols.org\/es\/es-b-gosol-vtt\/embed\/#?secret=bwRfLpbfoq\" width=\"600\" height=\"338\" title=\"\u00abES-B Gosol &#8211; VTT 25 km, D+ 960 m, 6 cols\u00bb \u2014 Club des Cent Cols\" data-secret=\"bwRfLpbfoq\" frameborder=\"0\" marginwidth=\"0\" marginheight=\"0\" scrolling=\"no\" class=\"wp-embedded-content\"><\/iframe><script type=\"text\/javascript\">\n\/* <![CDATA[ *\/\n\/*! This file is auto-generated *\/\n!function(d,l){\"use strict\";l.querySelector&&d.addEventListener&&\"undefined\"!=typeof URL&&(d.wp=d.wp||{},d.wp.receiveEmbedMessage||(d.wp.receiveEmbedMessage=function(e){var t=e.data;if((t||t.secret||t.message||t.value)&&!\/[^a-zA-Z0-9]\/.test(t.secret)){for(var s,r,n,a=l.querySelectorAll('iframe[data-secret=\"'+t.secret+'\"]'),o=l.querySelectorAll('blockquote[data-secret=\"'+t.secret+'\"]'),c=new RegExp(\"^https?:$\",\"i\"),i=0;i<o.length;i++)o[i].style.display=\"none\";for(i=0;i<a.length;i++)s=a[i],e.source===s.contentWindow&&(s.removeAttribute(\"style\"),\"height\"===t.message?(1e3<(r=parseInt(t.value,10))?r=1e3:~~r<200&&(r=200),s.height=r):\"link\"===t.message&&(r=new URL(s.getAttribute(\"src\")),n=new URL(t.value),c.test(n.protocol))&&n.host===r.host&&l.activeElement===s&&(d.top.location.href=t.value))}},d.addEventListener(\"message\",d.wp.receiveEmbedMessage,!1),l.addEventListener(\"DOMContentLoaded\",function(){for(var e,t,s=l.querySelectorAll(\"iframe.wp-embedded-content\"),r=0;r<s.length;r++)(t=(e=s[r]).getAttribute(\"data-secret\"))||(t=Math.random().toString(36).substring(2,12),e.src+=\"#?secret=\"+t,e.setAttribute(\"data-secret\",t)),e.contentWindow.postMessage({message:\"ready\",secret:t},\"*\")},!1)))}(window,document);\n\/\/# sourceURL=https:\/\/centcols.org\/wp-includes\/js\/wp-embed.min.js\n\/* ]]> *\/\n<\/script>","thumbnail_url":"https:\/\/centcols.org\/wp-content\/uploads\/2025\/10\/gosol-01.jpg","thumbnail_width":1200,"thumbnail_height":900,"description":"Description de l\u2019auteur Auteurs\u00a0: Patrick Mandard et Philippe ChazottierParcours\u00a0: effectu\u00e9 en octobre 2025D\u00e9part\u00a0: Depuis le belv\u00e9d\u00e8re sur la B400 entre Saldes et Gosol (\u00e0 2\u00a0km du col de la Trapa) Descriptif touristique Dans le massif forestier avec de belles vues sur le massif de Pedraforca et sur le Bergueda. Descriptif technique Ce parcours est cyclable [&hellip;]"}

Régis Paraz

Description de l’auteur Auteurs : Patrick Mandard et Philippe ChazottierParcours : effectué en octobre 2025Départ : Depuis le belvédère sur la B400 entre Saldes et Gosol (à 2 km du col de la Trapa) Descriptif touristique Dans le massif forestier avec de belles vues sur le massif de Pedraforca et sur le Bergueda. Descriptif technique Ce parcours est cyclable [&hellip;]
