{"version":"1.0","provider_name":"Club des Cent Cols","provider_url":"https:\/\/centcols.org\/es","author_name":"Guy Harl\u00e9","author_url":"https:\/\/centcols.org\/es\/author\/5193\/","title":"Baulmes, Suisse, sortie VTT, 14 juillet 2018 - Club des Cent Cols","type":"rich","width":600,"height":338,"html":"<blockquote class=\"wp-embedded-content\" data-secret=\"BRYsuE64Fs\"><a href=\"https:\/\/centcols.org\/es\/suisse-2018-baulmes\/\">Baulmes, Suiza, salida en bicicleta de monta\u00f1a, 14 de julio de 2018.<\/a><\/blockquote><iframe sandbox=\"allow-scripts\" security=\"restricted\" src=\"https:\/\/centcols.org\/es\/suisse-2018-baulmes\/embed\/#?secret=BRYsuE64Fs\" width=\"600\" height=\"338\" title=\"\u00abBaulmes, Suisse, sortie VTT, 14 juillet 2018\u00bb \u2014 Club des Cent Cols\" data-secret=\"BRYsuE64Fs\" frameborder=\"0\" marginwidth=\"0\" marginheight=\"0\" scrolling=\"no\" class=\"wp-embedded-content\"><\/iframe><script type=\"text\/javascript\">\n\/* <![CDATA[ *\/\n\/*! This file is auto-generated *\/\n!function(d,l){\"use strict\";l.querySelector&&d.addEventListener&&\"undefined\"!=typeof URL&&(d.wp=d.wp||{},d.wp.receiveEmbedMessage||(d.wp.receiveEmbedMessage=function(e){var t=e.data;if((t||t.secret||t.message||t.value)&&!\/[^a-zA-Z0-9]\/.test(t.secret)){for(var s,r,n,a=l.querySelectorAll('iframe[data-secret=\"'+t.secret+'\"]'),o=l.querySelectorAll('blockquote[data-secret=\"'+t.secret+'\"]'),c=new RegExp(\"^https?:$\",\"i\"),i=0;i<o.length;i++)o[i].style.display=\"none\";for(i=0;i<a.length;i++)s=a[i],e.source===s.contentWindow&&(s.removeAttribute(\"style\"),\"height\"===t.message?(1e3<(r=parseInt(t.value,10))?r=1e3:~~r<200&&(r=200),s.height=r):\"link\"===t.message&&(r=new URL(s.getAttribute(\"src\")),n=new URL(t.value),c.test(n.protocol))&&n.host===r.host&&l.activeElement===s&&(d.top.location.href=t.value))}},d.addEventListener(\"message\",d.wp.receiveEmbedMessage,!1),l.addEventListener(\"DOMContentLoaded\",function(){for(var e,t,s=l.querySelectorAll(\"iframe.wp-embedded-content\"),r=0;r<s.length;r++)(t=(e=s[r]).getAttribute(\"data-secret\"))||(t=Math.random().toString(36).substring(2,12),e.src+=\"#?secret=\"+t,e.setAttribute(\"data-secret\",t)),e.contentWindow.postMessage({message:\"ready\",secret:t},\"*\")},!1)))}(window,document);\n\/\/# sourceURL=https:\/\/centcols.org\/wp-includes\/js\/wp-embed.min.js\n\/* ]]> *\/\n<\/script>","thumbnail_url":"https:\/\/centcols.org\/wp-content\/uploads\/2025\/05\/beaulmes.jpg","thumbnail_width":622,"thumbnail_height":382,"description":"Samedi 14 juillet 2018, Baulmes, Suisse Col de la PoyetteRendez-vous au parking au sud de la gare \u00e0 8 h 30 pour le caf\u00e9, d\u00e9part \u00e0 9 h6 cols, 41 Km, d\u00e9nivel\u00e9 1300 Contact Christian Binggelichemin du Jura 1CH-1135 DenensT\u00e9l :&nbsp;(0041) 021 801 01 75&nbsp; Natel&nbsp;: 0041 078 723 11 33c&amp;&#116;&#x62;i&#110;&#x67;g&#101;&#x6c;i&#64;&#x62;l&#117;&#x65;w&#105;&#x6e;&#46;&#99;&#x68; &nbsp;"}

Guy Harlé

<blockquote class="wp-embedded-content" data-secret="BRYsuE64Fs"><a href="https://centcols.org/es/suisse-2018-baulmes/">Baulmes, Suiza, salida en bicicleta de montaña, 14 de julio de 2018.</a></blockquote><iframe sandbox="allow-scripts" security="restricted" src="https://centcols.org/es/suisse-2018-baulmes/embed/#?secret=BRYsuE64Fs" width="600" height="338" title="«Baulmes, Suisse, sortie VTT, 14 juillet 2018» — Club des Cent Cols" data-secret="BRYsuE64Fs" frameborder="0" marginwidth="0" marginheight="0" scrolling="no" class="wp-embedded-content"></iframe><script type="text/javascript">
/* <![CDATA[ */
/*! This file is auto-generated */
!function(d,l){"use strict";l.querySelector&&d.addEventListener&&"undefined"!=typeof URL&&(d.wp=d.wp||{},d.wp.receiveEmbedMessage||(d.wp.receiveEmbedMessage=function(e){var t=e.data;if((t||t.secret||t.message||t.value)&&!/[^a-zA-Z0-9]/.test(t.secret)){for(var s,r,n,a=l.querySelectorAll('iframe[data-secret="'+t.secret+'"]'),o=l.querySelectorAll('blockquote[data-secret="'+t.secret+'"]'),c=new RegExp("^https?:$","i"),i=0;i<o.length;i++)o[i].style.display="none";for(i=0;i<a.length;i++)s=a[i],e.source===s.contentWindow&&(s.removeAttribute("style"),"height"===t.message?(1e3<(r=parseInt(t.value,10))?r=1e3:~~r<200&&(r=200),s.height=r):"link"===t.message&&(r=new URL(s.getAttribute("src")),n=new URL(t.value),c.test(n.protocol))&&n.host===r.host&&l.activeElement===s&&(d.top.location.href=t.value))}},d.addEventListener("message",d.wp.receiveEmbedMessage,!1),l.addEventListener("DOMContentLoaded",function(){for(var e,t,s=l.querySelectorAll("iframe.wp-embedded-content"),r=0;r<s.length;r++)(t=(e=s[r]).getAttribute("data-secret"))||(t=Math.random().toString(36).substring(2,12),e.src+="#?secret="+t,e.setAttribute("data-secret",t)),e.contentWindow.postMessage({message:"ready",secret:t},"*")},!1)))}(window,document);
//# sourceURL=https://centcols.org/wp-includes/js/wp-embed.min.js
/* ]]> */
</script>

Samedi 14 juillet 2018, Baulmes, Suisse Col de la PoyetteRendez-vous au parking au sud de la gare à 8 h 30 pour le café, départ à 9 h6 cols, 41 Km, dénivelé 1300 Contact Christian Binggelichemin du Jura 1CH-1135 DenensTél :&nbsp;(0041) 021 801 01 75&nbsp; Natel&nbsp;: 0041 078 723 11 33c&amp;&#116;&#x62;i&#110;&#x67;g&#101;&#x6c;i&#64;&#x62;l&#117;&#x65;w&#105;&#x6e;&#46;&#99;&#x68; &nbsp;
