{"version":"1.0","provider_name":"Club des Cent Cols","provider_url":"https:\/\/centcols.org\/es","author_name":"Guy Harl\u00e9","author_url":"https:\/\/centcols.org\/es\/author\/5193\/","title":"Suisse, Sortie VTT, les Bugnenets, samedi 21 juin 2025 - Club des Cent Cols","type":"rich","width":600,"height":338,"html":"<blockquote class=\"wp-embedded-content\" data-secret=\"TDlhIfasJL\"><a href=\"https:\/\/centcols.org\/es\/suisse-2025-bugnenets\/\">Suiza, Excursi\u00f3n en bicicleta de monta\u00f1a, les Bugnenets, S\u00e1bado 21 de junio de 2025<\/a><\/blockquote><iframe sandbox=\"allow-scripts\" security=\"restricted\" src=\"https:\/\/centcols.org\/es\/suisse-2025-bugnenets\/embed\/#?secret=TDlhIfasJL\" width=\"600\" height=\"338\" title=\"\u00abSuiza, Salida en bicicleta de monta\u00f1a, les Bugnenets, s\u00e1bado 21 de junio de 2025\u00bb - Club des Cent Cols\" data-secret=\"TDlhIfasJL\" frameborder=\"0\" marginwidth=\"0\" marginheight=\"0\" scrolling=\"no\" class=\"wp-embedded-content\"><\/iframe><script type=\"text\/javascript\">\n\/* <![CDATA[ *\/\n\/*! This file is auto-generated *\/\n!function(d,l){\"use strict\";l.querySelector&&d.addEventListener&&\"undefined\"!=typeof URL&&(d.wp=d.wp||{},d.wp.receiveEmbedMessage||(d.wp.receiveEmbedMessage=function(e){var t=e.data;if((t||t.secret||t.message||t.value)&&!\/[^a-zA-Z0-9]\/.test(t.secret)){for(var s,r,n,a=l.querySelectorAll('iframe[data-secret=\"'+t.secret+'\"]'),o=l.querySelectorAll('blockquote[data-secret=\"'+t.secret+'\"]'),c=new RegExp(\"^https?:$\",\"i\"),i=0;i<o.length;i++)o[i].style.display=\"none\";for(i=0;i<a.length;i++)s=a[i],e.source===s.contentWindow&&(s.removeAttribute(\"style\"),\"height\"===t.message?(1e3<(r=parseInt(t.value,10))?r=1e3:~~r<200&&(r=200),s.height=r):\"link\"===t.message&&(r=new URL(s.getAttribute(\"src\")),n=new URL(t.value),c.test(n.protocol))&&n.host===r.host&&l.activeElement===s&&(d.top.location.href=t.value))}},d.addEventListener(\"message\",d.wp.receiveEmbedMessage,!1),l.addEventListener(\"DOMContentLoaded\",function(){for(var e,t,s=l.querySelectorAll(\"iframe.wp-embedded-content\"),r=0;r<s.length;r++)(t=(e=s[r]).getAttribute(\"data-secret\"))||(t=Math.random().toString(36).substring(2,12),e.src+=\"#?secret=\"+t,e.setAttribute(\"data-secret\",t)),e.contentWindow.postMessage({message:\"ready\",secret:t},\"*\")},!1)))}(window,document);\n\/\/# sourceURL=https:\/\/centcols.org\/wp-includes\/js\/wp-embed.min.js\n\/* ]]> *\/\n<\/script>","thumbnail_url":"https:\/\/centcols.org\/wp-content\/uploads\/2025\/01\/ch-be-1502.jpg","thumbnail_width":800,"thumbnail_height":451,"description":"D\u00e9part des Bugnenets (Canton de Neuch\u00e2tel)Rendez-vous : parking du village \u00e0 9 h 30 pour le caf\u00e9, d\u00e9part \u00e0 10 h 00 29 km, 900 m de d\u00e9nivel\u00e9, 7 cols : col des Pontins (CH-BE-1110), col de la M\u00e9tairie-Derri\u00e8re de Bienne (CH-BE-1462), Cl\u00e9dar de Pierrefeu (CH-BE-1293), Le Pertuis (BE-1541 m, \u00e9tude en cours), col du [&hellip;]"}

Guy Harlé

<blockquote class="wp-embedded-content" data-secret="TDlhIfasJL"><a href="https://centcols.org/es/suisse-2025-bugnenets/">Suiza, Excursión en bicicleta de montaña, les Bugnenets, Sábado 21 de junio de 2025</a></blockquote><iframe sandbox="allow-scripts" security="restricted" src="https://centcols.org/es/suisse-2025-bugnenets/embed/#?secret=TDlhIfasJL" width="600" height="338" title="«Suiza, Salida en bicicleta de montaña, les Bugnenets, sábado 21 de junio de 2025» - Club des Cent Cols" data-secret="TDlhIfasJL" frameborder="0" marginwidth="0" marginheight="0" scrolling="no" class="wp-embedded-content"></iframe><script type="text/javascript">
/* <![CDATA[ */
/*! This file is auto-generated */
!function(d,l){"use strict";l.querySelector&&d.addEventListener&&"undefined"!=typeof URL&&(d.wp=d.wp||{},d.wp.receiveEmbedMessage||(d.wp.receiveEmbedMessage=function(e){var t=e.data;if((t||t.secret||t.message||t.value)&&!/[^a-zA-Z0-9]/.test(t.secret)){for(var s,r,n,a=l.querySelectorAll('iframe[data-secret="'+t.secret+'"]'),o=l.querySelectorAll('blockquote[data-secret="'+t.secret+'"]'),c=new RegExp("^https?:$","i"),i=0;i<o.length;i++)o[i].style.display="none";for(i=0;i<a.length;i++)s=a[i],e.source===s.contentWindow&&(s.removeAttribute("style"),"height"===t.message?(1e3<(r=parseInt(t.value,10))?r=1e3:~~r<200&&(r=200),s.height=r):"link"===t.message&&(r=new URL(s.getAttribute("src")),n=new URL(t.value),c.test(n.protocol))&&n.host===r.host&&l.activeElement===s&&(d.top.location.href=t.value))}},d.addEventListener("message",d.wp.receiveEmbedMessage,!1),l.addEventListener("DOMContentLoaded",function(){for(var e,t,s=l.querySelectorAll("iframe.wp-embedded-content"),r=0;r<s.length;r++)(t=(e=s[r]).getAttribute("data-secret"))||(t=Math.random().toString(36).substring(2,12),e.src+="#?secret="+t,e.setAttribute("data-secret",t)),e.contentWindow.postMessage({message:"ready",secret:t},"*")},!1)))}(window,document);
//# sourceURL=https://centcols.org/wp-includes/js/wp-embed.min.js
/* ]]> */
</script>

Départ des Bugnenets (Canton de Neuchâtel)Rendez-vous : parking du village à 9 h 30 pour le café, départ à 10 h 00 29 km, 900 m de dénivelé, 7 cols : col des Pontins (CH-BE-1110), col de la Métairie-Derrière de Bienne (CH-BE-1462), Clédar de Pierrefeu (CH-BE-1293), Le Pertuis (BE-1541 m, étude en cours), col du [&hellip;]
