{"version":"1.0","provider_name":"Club des Cent Cols","provider_url":"https:\/\/centcols.org\/it","author_name":"Guy Harl\u00e9","author_url":"https:\/\/centcols.org\/it\/author\/5193\/","title":"Alpes du Sud, Pas de la Graille, samedi 29 ao\u00fbt 2026 - Club des Cent Cols","type":"rich","width":600,"height":338,"html":"<blockquote class=\"wp-embedded-content\" data-secret=\"UMTk9wUKJY\"><a href=\"https:\/\/centcols.org\/it\/alpessud-graille-2026\/\">Alpi del Sud, Pas de la Graille, sabato 29 agosto 2026<\/a><\/blockquote><iframe sandbox=\"allow-scripts\" security=\"restricted\" src=\"https:\/\/centcols.org\/it\/alpessud-graille-2026\/embed\/#?secret=UMTk9wUKJY\" width=\"600\" height=\"338\" title=\"&#8220;Alpes du Sud, Pas de la Graille, samedi 29 ao\u00fbt 2026&#8221; &#8212; Club des Cent Cols\" data-secret=\"UMTk9wUKJY\" frameborder=\"0\" marginwidth=\"0\" marginheight=\"0\" scrolling=\"no\" class=\"wp-embedded-content\"><\/iframe><script type=\"text\/javascript\">\n\/* <![CDATA[ *\/\n\/*! This file is auto-generated *\/\n!function(d,l){\"use strict\";l.querySelector&&d.addEventListener&&\"undefined\"!=typeof URL&&(d.wp=d.wp||{},d.wp.receiveEmbedMessage||(d.wp.receiveEmbedMessage=function(e){var t=e.data;if((t||t.secret||t.message||t.value)&&!\/[^a-zA-Z0-9]\/.test(t.secret)){for(var s,r,n,a=l.querySelectorAll('iframe[data-secret=\"'+t.secret+'\"]'),o=l.querySelectorAll('blockquote[data-secret=\"'+t.secret+'\"]'),c=new RegExp(\"^https?:$\",\"i\"),i=0;i<o.length;i++)o[i].style.display=\"none\";for(i=0;i<a.length;i++)s=a[i],e.source===s.contentWindow&&(s.removeAttribute(\"style\"),\"height\"===t.message?(1e3<(r=parseInt(t.value,10))?r=1e3:~~r<200&&(r=200),s.height=r):\"link\"===t.message&&(r=new URL(s.getAttribute(\"src\")),n=new URL(t.value),c.test(n.protocol))&&n.host===r.host&&l.activeElement===s&&(d.top.location.href=t.value))}},d.addEventListener(\"message\",d.wp.receiveEmbedMessage,!1),l.addEventListener(\"DOMContentLoaded\",function(){for(var e,t,s=l.querySelectorAll(\"iframe.wp-embedded-content\"),r=0;r<s.length;r++)(t=(e=s[r]).getAttribute(\"data-secret\"))||(t=Math.random().toString(36).substring(2,12),e.src+=\"#?secret=\"+t,e.setAttribute(\"data-secret\",t)),e.contentWindow.postMessage({message:\"ready\",secret:t},\"*\")},!1)))}(window,document);\n\/\/# sourceURL=https:\/\/centcols.org\/wp-includes\/js\/wp-embed.min.js\n\/* ]]> *\/\n<\/script>","thumbnail_url":"https:\/\/centcols.org\/wp-content\/uploads\/2026\/01\/fr-04-1597.jpg","thumbnail_width":474,"thumbnail_height":652,"description":"Pas de la Graille (FR-04-1597), Montagne de LurePour tous, rassemblement \u00e0 11h30 au Pas de La Graille.\u00c9changes, ap\u00e9ritif et buffet offerts en pr\u00e9sence d\u2019un repr\u00e9sentant de la commune de Valbelle.Suivant conditions m\u00e9t\u00e9o, repli au g\u00eete ONF de la Graille (lieu priv\u00e9 \u00e0 1080 m d\u2019altitude). Pour celles et ceux qui le d\u00e9sirent :Accueil \u00e0 partir [&hellip;]"}

Guy Harlé

Alpes du Sud, Pas de la Graille, samedi 29 août 2026 - Club des Cent Cols

<blockquote class="wp-embedded-content" data-secret="UMTk9wUKJY"><a href="https://centcols.org/it/alpessud-graille-2026/">Alpi del Sud, Pas de la Graille, sabato 29 agosto 2026</a></blockquote><iframe sandbox="allow-scripts" security="restricted" src="https://centcols.org/it/alpessud-graille-2026/embed/#?secret=UMTk9wUKJY" width="600" height="338" title="&#8220;Alpes du Sud, Pas de la Graille, samedi 29 août 2026&#8221; &#8212; Club des Cent Cols" data-secret="UMTk9wUKJY" frameborder="0" marginwidth="0" marginheight="0" scrolling="no" class="wp-embedded-content"></iframe><script type="text/javascript">
/* <![CDATA[ */
/*! This file is auto-generated */
!function(d,l){"use strict";l.querySelector&&d.addEventListener&&"undefined"!=typeof URL&&(d.wp=d.wp||{},d.wp.receiveEmbedMessage||(d.wp.receiveEmbedMessage=function(e){var t=e.data;if((t||t.secret||t.message||t.value)&&!/[^a-zA-Z0-9]/.test(t.secret)){for(var s,r,n,a=l.querySelectorAll('iframe[data-secret="'+t.secret+'"]'),o=l.querySelectorAll('blockquote[data-secret="'+t.secret+'"]'),c=new RegExp("^https?:$","i"),i=0;i<o.length;i++)o[i].style.display="none";for(i=0;i<a.length;i++)s=a[i],e.source===s.contentWindow&&(s.removeAttribute("style"),"height"===t.message?(1e3<(r=parseInt(t.value,10))?r=1e3:~~r<200&&(r=200),s.height=r):"link"===t.message&&(r=new URL(s.getAttribute("src")),n=new URL(t.value),c.test(n.protocol))&&n.host===r.host&&l.activeElement===s&&(d.top.location.href=t.value))}},d.addEventListener("message",d.wp.receiveEmbedMessage,!1),l.addEventListener("DOMContentLoaded",function(){for(var e,t,s=l.querySelectorAll("iframe.wp-embedded-content"),r=0;r<s.length;r++)(t=(e=s[r]).getAttribute("data-secret"))||(t=Math.random().toString(36).substring(2,12),e.src+="#?secret="+t,e.setAttribute("data-secret",t)),e.contentWindow.postMessage({message:"ready",secret:t},"*")},!1)))}(window,document);
//# sourceURL=https://centcols.org/wp-includes/js/wp-embed.min.js
/* ]]> */
</script>

Pas de la Graille (FR-04-1597), Montagne de LurePour tous, rassemblement à 11h30 au Pas de La Graille.Échanges, apéritif et buffet offerts en présence d’un représentant de la commune de Valbelle.Suivant conditions météo, repli au gîte ONF de la Graille (lieu privé à 1080 m d’altitude). Pour celles et ceux qui le désirent :Accueil à partir [&hellip;]
