{"version":"1.0","provider_name":"Club des Cent Cols","provider_url":"https:\/\/centcols.org\/it","author_name":"Ren\u00e9 Mercier","author_url":"https:\/\/centcols.org\/it\/author\/7552\/","title":"CH-NE Jura neuch\u00e2telois \u2013 Gravel 108 km, D+ 2260 m, 18 cols - Club des Cent Cols","type":"rich","width":600,"height":338,"html":"<blockquote class=\"wp-embedded-content\" data-secret=\"iu5vNmyFl3\"><a href=\"https:\/\/centcols.org\/it\/ch-ne-jura-neuchatelois\/\">CH-NE Giura neuch\u00e2telois - Ghiaia 108 km, D+ 2260 m, 18 passi<\/a><\/blockquote><iframe sandbox=\"allow-scripts\" security=\"restricted\" src=\"https:\/\/centcols.org\/it\/ch-ne-jura-neuchatelois\/embed\/#?secret=iu5vNmyFl3\" width=\"600\" height=\"338\" title=\"\u201cCH-NE Giura neuch\u00e2telois - Sterrato 108 km, D+ 2260 m, 18 cols\u201d - Club des Cent Cols\" data-secret=\"iu5vNmyFl3\" frameborder=\"0\" marginwidth=\"0\" marginheight=\"0\" scrolling=\"no\" class=\"wp-embedded-content\"><\/iframe><script type=\"text\/javascript\">\n\/* <![CDATA[ *\/\n\/*! This file is auto-generated *\/\n!function(d,l){\"use strict\";l.querySelector&&d.addEventListener&&\"undefined\"!=typeof URL&&(d.wp=d.wp||{},d.wp.receiveEmbedMessage||(d.wp.receiveEmbedMessage=function(e){var t=e.data;if((t||t.secret||t.message||t.value)&&!\/[^a-zA-Z0-9]\/.test(t.secret)){for(var s,r,n,a=l.querySelectorAll('iframe[data-secret=\"'+t.secret+'\"]'),o=l.querySelectorAll('blockquote[data-secret=\"'+t.secret+'\"]'),c=new RegExp(\"^https?:$\",\"i\"),i=0;i<o.length;i++)o[i].style.display=\"none\";for(i=0;i<a.length;i++)s=a[i],e.source===s.contentWindow&&(s.removeAttribute(\"style\"),\"height\"===t.message?(1e3<(r=parseInt(t.value,10))?r=1e3:~~r<200&&(r=200),s.height=r):\"link\"===t.message&&(r=new URL(s.getAttribute(\"src\")),n=new URL(t.value),c.test(n.protocol))&&n.host===r.host&&l.activeElement===s&&(d.top.location.href=t.value))}},d.addEventListener(\"message\",d.wp.receiveEmbedMessage,!1),l.addEventListener(\"DOMContentLoaded\",function(){for(var e,t,s=l.querySelectorAll(\"iframe.wp-embedded-content\"),r=0;r<s.length;r++)(t=(e=s[r]).getAttribute(\"data-secret\"))||(t=Math.random().toString(36).substring(2,12),e.src+=\"#?secret=\"+t,e.setAttribute(\"data-secret\",t)),e.contentWindow.postMessage({message:\"ready\",secret:t},\"*\")},!1)))}(window,document);\n\/\/# sourceURL=https:\/\/centcols.org\/wp-includes\/js\/wp-embed.min.js\n\/* ]]> *\/\n<\/script>","thumbnail_url":"https:\/\/centcols.org\/wp-content\/uploads\/2026\/01\/Il-faisait-32-\u00b0-\ud83d\ude05.jpg","thumbnail_width":750,"thumbnail_height":1000,"description":"Description de l\u2019auteur Auteurs : Philippe ChazottierParcours : effectu\u00e9 le 22 juin 2025D\u00e9part : parking de la gare de Renan, au sud-ouest de Saint-Imier. Descriptif touristique Au pays des montres : la r\u00e9gion tr\u00e8s verdoyante situ\u00e9e au sud de La Chaux-de-Fonds est r\u00e9put\u00e9e pour ses industries horlog\u00e8res. Elle est surnomm\u00e9e \u00ab\u00a0La Sib\u00e9rie suisse\u00a0\u00bb, mais il [&hellip;]"}

René Mercier

CH-NE Jura neuchâtelois – Gravel 108 km, D+ 2260 m, 18 cols - Club des Cent Cols

<blockquote class="wp-embedded-content" data-secret="iu5vNmyFl3"><a href="https://centcols.org/it/ch-ne-jura-neuchatelois/">CH-NE Giura neuchâtelois - Ghiaia 108 km, D+ 2260 m, 18 passi</a></blockquote><iframe sandbox="allow-scripts" security="restricted" src="https://centcols.org/it/ch-ne-jura-neuchatelois/embed/#?secret=iu5vNmyFl3" width="600" height="338" title="“CH-NE Giura neuchâtelois - Sterrato 108 km, D+ 2260 m, 18 cols” - Club des Cent Cols" data-secret="iu5vNmyFl3" frameborder="0" marginwidth="0" marginheight="0" scrolling="no" class="wp-embedded-content"></iframe><script type="text/javascript">
/* <![CDATA[ */
/*! This file is auto-generated */
!function(d,l){"use strict";l.querySelector&&d.addEventListener&&"undefined"!=typeof URL&&(d.wp=d.wp||{},d.wp.receiveEmbedMessage||(d.wp.receiveEmbedMessage=function(e){var t=e.data;if((t||t.secret||t.message||t.value)&&!/[^a-zA-Z0-9]/.test(t.secret)){for(var s,r,n,a=l.querySelectorAll('iframe[data-secret="'+t.secret+'"]'),o=l.querySelectorAll('blockquote[data-secret="'+t.secret+'"]'),c=new RegExp("^https?:$","i"),i=0;i<o.length;i++)o[i].style.display="none";for(i=0;i<a.length;i++)s=a[i],e.source===s.contentWindow&&(s.removeAttribute("style"),"height"===t.message?(1e3<(r=parseInt(t.value,10))?r=1e3:~~r<200&&(r=200),s.height=r):"link"===t.message&&(r=new URL(s.getAttribute("src")),n=new URL(t.value),c.test(n.protocol))&&n.host===r.host&&l.activeElement===s&&(d.top.location.href=t.value))}},d.addEventListener("message",d.wp.receiveEmbedMessage,!1),l.addEventListener("DOMContentLoaded",function(){for(var e,t,s=l.querySelectorAll("iframe.wp-embedded-content"),r=0;r<s.length;r++)(t=(e=s[r]).getAttribute("data-secret"))||(t=Math.random().toString(36).substring(2,12),e.src+="#?secret="+t,e.setAttribute("data-secret",t)),e.contentWindow.postMessage({message:"ready",secret:t},"*")},!1)))}(window,document);
//# sourceURL=https://centcols.org/wp-includes/js/wp-embed.min.js
/* ]]> */
</script>

Description de l’auteur Auteurs : Philippe ChazottierParcours : effectué le 22 juin 2025Départ : parking de la gare de Renan, au sud-ouest de Saint-Imier. Descriptif touristique Au pays des montres : la région très verdoyante située au sud de La Chaux-de-Fonds est réputée pour ses industries horlogères. Elle est surnommée « La Sibérie suisse », mais il [&hellip;]
