{"version":"1.0","provider_name":"Club des Cent Cols","provider_url":"https:\/\/centcols.org\/it","author_name":"Jean-No\u00ebl Jagoda","author_url":"https:\/\/centcols.org\/it\/author\/7270\/","title":"Col du Granier - Club des Cent Cols","type":"rich","width":600,"height":338,"html":"<blockquote class=\"wp-embedded-content\" data-secret=\"XRAzpqkHUZ\"><a href=\"https:\/\/centcols.org\/it\/col-du-granier\/\">Col du Granier<\/a><\/blockquote><iframe sandbox=\"allow-scripts\" security=\"restricted\" src=\"https:\/\/centcols.org\/it\/col-du-granier\/embed\/#?secret=XRAzpqkHUZ\" width=\"600\" height=\"338\" title=\"\u201cCol du Granier\u201d - Club des Cent Cols\" data-secret=\"XRAzpqkHUZ\" frameborder=\"0\" marginwidth=\"0\" marginheight=\"0\" scrolling=\"no\" class=\"wp-embedded-content\"><\/iframe><script type=\"text\/javascript\">\n\/* <![CDATA[ *\/\n\/*! This file is auto-generated *\/\n!function(d,l){\"use strict\";l.querySelector&&d.addEventListener&&\"undefined\"!=typeof URL&&(d.wp=d.wp||{},d.wp.receiveEmbedMessage||(d.wp.receiveEmbedMessage=function(e){var t=e.data;if((t||t.secret||t.message||t.value)&&!\/[^a-zA-Z0-9]\/.test(t.secret)){for(var s,r,n,a=l.querySelectorAll('iframe[data-secret=\"'+t.secret+'\"]'),o=l.querySelectorAll('blockquote[data-secret=\"'+t.secret+'\"]'),c=new RegExp(\"^https?:$\",\"i\"),i=0;i<o.length;i++)o[i].style.display=\"none\";for(i=0;i<a.length;i++)s=a[i],e.source===s.contentWindow&&(s.removeAttribute(\"style\"),\"height\"===t.message?(1e3<(r=parseInt(t.value,10))?r=1e3:~~r<200&&(r=200),s.height=r):\"link\"===t.message&&(r=new URL(s.getAttribute(\"src\")),n=new URL(t.value),c.test(n.protocol))&&n.host===r.host&&l.activeElement===s&&(d.top.location.href=t.value))}},d.addEventListener(\"message\",d.wp.receiveEmbedMessage,!1),l.addEventListener(\"DOMContentLoaded\",function(){for(var e,t,s=l.querySelectorAll(\"iframe.wp-embedded-content\"),r=0;r<s.length;r++)(t=(e=s[r]).getAttribute(\"data-secret\"))||(t=Math.random().toString(36).substring(2,12),e.src+=\"#?secret=\"+t,e.setAttribute(\"data-secret\",t)),e.contentWindow.postMessage({message:\"ready\",secret:t},\"*\")},!1)))}(window,document);\n\/\/# sourceURL=https:\/\/centcols.org\/wp-includes\/js\/wp-embed.min.js\n\/* ]]> *\/\n<\/script>","thumbnail_url":"https:\/\/centcols.org\/wp-content\/uploads\/2026\/03\/8903-1.jpg","thumbnail_width":799,"thumbnail_height":531,"description":"Un article de G\u00e9rard Galland et Christian Jeandey. Col du Granier (FR-73-1134) Toponymie De source Wikip\u00e9dia, le toponyme&nbsp;Granier&nbsp;d\u00e9rive de l&rsquo;ancien fran\u00e7ais&nbsp;\u00ab&nbsp;granier,&nbsp;grenier&nbsp;\u00bb ou de \u00ab&nbsp;grange&nbsp;\u00bb (du&nbsp;latin&nbsp;granea). Il s&rsquo;agit du nom d&rsquo;une commune de la petite r\u00e9gion des Marches, o\u00f9 se trouvait un monast\u00e8re \u2014&nbsp;monachi Graneriis&nbsp;(Granarium, Granerium)&nbsp;\u2014 mentionn\u00e9 au&nbsp;XIe&nbsp;si\u00e8cle dans le&nbsp;Cartulaires de l&rsquo;\u00e9glise cath\u00e9drale de Grenoble dits [&hellip;]"}

Jean-Noël Jagoda

Un article de Gérard Galland et Christian Jeandey. Col du Granier (FR-73-1134) Toponymie De source Wikipédia, le toponyme&nbsp;Granier&nbsp;dérive de l&rsquo;ancien français&nbsp;«&nbsp;granier,&nbsp;grenier&nbsp;» ou de «&nbsp;grange&nbsp;» (du&nbsp;latin&nbsp;granea). Il s&rsquo;agit du nom d&rsquo;une commune de la petite région des Marches, où se trouvait un monastère —&nbsp;monachi Graneriis&nbsp;(Granarium, Granerium)&nbsp;— mentionné au&nbsp;XIe&nbsp;siècle dans le&nbsp;Cartulaires de l&rsquo;église cathédrale de Grenoble dits [&hellip;]
