{"version":"1.0","provider_name":"Club des Cent Cols","provider_url":"https:\/\/centcols.org\/it","author_name":"Webmestre","author_url":"https:\/\/centcols.org\/it\/author\/webmestre\/","title":"S\u00e9jour estival \u00e0 Saint-Maurice (Suisse) du 13 au 19 ao\u00fbt 2018 - Club des Cent Cols","type":"rich","width":600,"height":338,"html":"<blockquote class=\"wp-embedded-content\" data-secret=\"GuKy6cUraN\"><a href=\"https:\/\/centcols.org\/it\/sejour-2018-saint-maurice\/\">Soggiorno estivo a Saint-Maurice (Svizzera) dal 13 al 19 agosto 2018<\/a><\/blockquote><iframe sandbox=\"allow-scripts\" security=\"restricted\" src=\"https:\/\/centcols.org\/it\/sejour-2018-saint-maurice\/embed\/#?secret=GuKy6cUraN\" width=\"600\" height=\"338\" title=\"\u201cVacanze estive a Saint-Maurice (Svizzera) dal 13 al 19 agosto 2018\u201d - Club des Cent Cols\" data-secret=\"GuKy6cUraN\" frameborder=\"0\" marginwidth=\"0\" marginheight=\"0\" scrolling=\"no\" class=\"wp-embedded-content\"><\/iframe><script type=\"text\/javascript\">\n\/* <![CDATA[ *\/\n\/*! This file is auto-generated *\/\n!function(d,l){\"use strict\";l.querySelector&&d.addEventListener&&\"undefined\"!=typeof URL&&(d.wp=d.wp||{},d.wp.receiveEmbedMessage||(d.wp.receiveEmbedMessage=function(e){var t=e.data;if((t||t.secret||t.message||t.value)&&!\/[^a-zA-Z0-9]\/.test(t.secret)){for(var s,r,n,a=l.querySelectorAll('iframe[data-secret=\"'+t.secret+'\"]'),o=l.querySelectorAll('blockquote[data-secret=\"'+t.secret+'\"]'),c=new RegExp(\"^https?:$\",\"i\"),i=0;i<o.length;i++)o[i].style.display=\"none\";for(i=0;i<a.length;i++)s=a[i],e.source===s.contentWindow&&(s.removeAttribute(\"style\"),\"height\"===t.message?(1e3<(r=parseInt(t.value,10))?r=1e3:~~r<200&&(r=200),s.height=r):\"link\"===t.message&&(r=new URL(s.getAttribute(\"src\")),n=new URL(t.value),c.test(n.protocol))&&n.host===r.host&&l.activeElement===s&&(d.top.location.href=t.value))}},d.addEventListener(\"message\",d.wp.receiveEmbedMessage,!1),l.addEventListener(\"DOMContentLoaded\",function(){for(var e,t,s=l.querySelectorAll(\"iframe.wp-embedded-content\"),r=0;r<s.length;r++)(t=(e=s[r]).getAttribute(\"data-secret\"))||(t=Math.random().toString(36).substring(2,12),e.src+=\"#?secret=\"+t,e.setAttribute(\"data-secret\",t)),e.contentWindow.postMessage({message:\"ready\",secret:t},\"*\")},!1)))}(window,document);\n\/\/# sourceURL=https:\/\/centcols.org\/wp-includes\/js\/wp-embed.min.js\n\/* ]]> *\/\n<\/script>","thumbnail_url":"https:\/\/centcols.org\/wp-content\/uploads\/2025\/05\/\u00a9nicolassedlatchek.ch_ville-ST-MAURICE.jpg","thumbnail_width":1280,"thumbnail_height":1706,"description":"Ont contribu\u00e9 \u00e0 cette page de pr\u00e9sentation du s\u00e9jour toute l&rsquo;\u00e9quipe suisse, les responsables informatique et s\u00e9jour. \u00c0 voir : vid\u00e9o de la T\u00e9l\u00e9vision Suisse Romande tourn\u00e9e avant et \u00e0 l&rsquo;occasion de ce s\u00e9jour. Une nouvelle fois, le Club propose un s\u00e9jour hors de France, apr\u00e8s l&rsquo;Espagne et l&rsquo;Italie. Cette fois-ci c&rsquo;est dans le Valais [&hellip;]"}

Séjour estival à Saint-Maurice (Suisse) du 13 au 19 août 2018 - Club des Cent Cols

Ont contribué à cette page de présentation du séjour toute l&rsquo;équipe suisse, les responsables informatique et séjour. À voir : vidéo de la Télévision Suisse Romande tournée avant et à l&rsquo;occasion de ce séjour. Une nouvelle fois, le Club propose un séjour hors de France, après l&rsquo;Espagne et l&rsquo;Italie. Cette fois-ci c&rsquo;est dans le Valais [&hellip;]
