{"version":"1.0","provider_name":"Club van Cent Cols","provider_url":"https:\/\/centcols.org\/nl","author_name":"R\u00e9gis Paraz","author_url":"https:\/\/centcols.org\/nl\/author\/3225\/","title":"ES-B Saldes - VTT 38 km, D+ 1450 m, 15 cols - Club des Cent Cols","type":"rich","width":600,"height":338,"html":"<blockquote class=\"wp-embedded-content\" data-secret=\"R2suKch4RZ\"><a href=\"https:\/\/centcols.org\/nl\/es-b-saldes-vtt\/\">ES-B Saldes - MTB 38 km, D+ 1450 m, 15 passen<\/a><\/blockquote><iframe sandbox=\"allow-scripts\" security=\"restricted\" src=\"https:\/\/centcols.org\/nl\/es-b-saldes-vtt\/embed\/#?secret=R2suKch4RZ\" width=\"600\" height=\"338\" title=\"&#8220;ES-B Saldes &#8211; VTT 38 km, D+ 1450 m, 15 cols&#8221; &#8212; Club des Cent Cols\" data-secret=\"R2suKch4RZ\" frameborder=\"0\" marginwidth=\"0\" marginheight=\"0\" scrolling=\"no\" class=\"wp-embedded-content\"><\/iframe><script type=\"text\/javascript\">\n\/* <![CDATA[ *\/\n\/*! This file is auto-generated *\/\n!function(d,l){\"use strict\";l.querySelector&&d.addEventListener&&\"undefined\"!=typeof URL&&(d.wp=d.wp||{},d.wp.receiveEmbedMessage||(d.wp.receiveEmbedMessage=function(e){var t=e.data;if((t||t.secret||t.message||t.value)&&!\/[^a-zA-Z0-9]\/.test(t.secret)){for(var s,r,n,a=l.querySelectorAll('iframe[data-secret=\"'+t.secret+'\"]'),o=l.querySelectorAll('blockquote[data-secret=\"'+t.secret+'\"]'),c=new RegExp(\"^https?:$\",\"i\"),i=0;i<o.length;i++)o[i].style.display=\"none\";for(i=0;i<a.length;i++)s=a[i],e.source===s.contentWindow&&(s.removeAttribute(\"style\"),\"height\"===t.message?(1e3<(r=parseInt(t.value,10))?r=1e3:~~r<200&&(r=200),s.height=r):\"link\"===t.message&&(r=new URL(s.getAttribute(\"src\")),n=new URL(t.value),c.test(n.protocol))&&n.host===r.host&&l.activeElement===s&&(d.top.location.href=t.value))}},d.addEventListener(\"message\",d.wp.receiveEmbedMessage,!1),l.addEventListener(\"DOMContentLoaded\",function(){for(var e,t,s=l.querySelectorAll(\"iframe.wp-embedded-content\"),r=0;r<s.length;r++)(t=(e=s[r]).getAttribute(\"data-secret\"))||(t=Math.random().toString(36).substring(2,12),e.src+=\"#?secret=\"+t,e.setAttribute(\"data-secret\",t)),e.contentWindow.postMessage({message:\"ready\",secret:t},\"*\")},!1)))}(window,document);\n\/\/# sourceURL=https:\/\/centcols.org\/wp-includes\/js\/wp-embed.min.js\n\/* ]]> *\/\n<\/script>","thumbnail_url":"https:\/\/centcols.org\/wp-content\/uploads\/2025\/10\/Pedraforca-02.jpg","thumbnail_width":1200,"thumbnail_height":900,"description":"Description de l\u2019auteur Auteurs&nbsp;: Patrick Mandard et Philippe ChazottierParcours&nbsp;: effectu\u00e9 en octobre 2025D\u00e9part&nbsp;: Saldes Descriptif touristique Magnifique parcours en situation d\u00e9gag\u00e9e avec de grands espaces au sein du Paratge Natural d\u2019Inter\u00e8s national massis de Pedraforca.Le d\u00e9part s\u2019effectue du village de Saldes, nombreux parkings, village touristique avec commerces. Descriptif technique Ce parcours de 15 cols est [&hellip;]"}

Régis Paraz

Description de l’auteur Auteurs&nbsp;: Patrick Mandard et Philippe ChazottierParcours&nbsp;: effectué en octobre 2025Départ&nbsp;: Saldes Descriptif touristique Magnifique parcours en situation dégagée avec de grands espaces au sein du Paratge Natural d’Interès national massis de Pedraforca.Le départ s’effectue du village de Saldes, nombreux parkings, village touristique avec commerces. Descriptif technique Ce parcours de 15 cols est [&hellip;]
