{"version":"1.0","provider_name":"Club van Cent Cols","provider_url":"https:\/\/centcols.org\/nl","author_name":"Ren\u00e9 Mercier","author_url":"https:\/\/centcols.org\/nl\/author\/7552\/","title":"FR-07 Vernoux-en-Vivarais - Route 93 km, D+ 1700 m, 16 cols - Club des Cent Cols","type":"rich","width":600,"height":338,"html":"<blockquote class=\"wp-embedded-content\" data-secret=\"xcNIia9Vu1\"><a href=\"https:\/\/centcols.org\/nl\/fr-07-vernoux-en-vivarais-route\/\">FR-07 Vernoux-en-Vivarais - Route 93 km, D+ 1700 m, 16 passen<\/a><\/blockquote><iframe sandbox=\"allow-scripts\" security=\"restricted\" src=\"https:\/\/centcols.org\/nl\/fr-07-vernoux-en-vivarais-route\/embed\/#?secret=xcNIia9Vu1\" width=\"600\" height=\"338\" title=\"\u201cFR-07 Vernoux-en-Vivarais - Route 93 km, D+ 1700 m, 16 cols\u201d - Club des Cent Cols\" data-secret=\"xcNIia9Vu1\" frameborder=\"0\" marginwidth=\"0\" marginheight=\"0\" scrolling=\"no\" class=\"wp-embedded-content\"><\/iframe><script type=\"text\/javascript\">\n\/* <![CDATA[ *\/\n\/*! This file is auto-generated *\/\n!function(d,l){\"use strict\";l.querySelector&&d.addEventListener&&\"undefined\"!=typeof URL&&(d.wp=d.wp||{},d.wp.receiveEmbedMessage||(d.wp.receiveEmbedMessage=function(e){var t=e.data;if((t||t.secret||t.message||t.value)&&!\/[^a-zA-Z0-9]\/.test(t.secret)){for(var s,r,n,a=l.querySelectorAll('iframe[data-secret=\"'+t.secret+'\"]'),o=l.querySelectorAll('blockquote[data-secret=\"'+t.secret+'\"]'),c=new RegExp(\"^https?:$\",\"i\"),i=0;i<o.length;i++)o[i].style.display=\"none\";for(i=0;i<a.length;i++)s=a[i],e.source===s.contentWindow&&(s.removeAttribute(\"style\"),\"height\"===t.message?(1e3<(r=parseInt(t.value,10))?r=1e3:~~r<200&&(r=200),s.height=r):\"link\"===t.message&&(r=new URL(s.getAttribute(\"src\")),n=new URL(t.value),c.test(n.protocol))&&n.host===r.host&&l.activeElement===s&&(d.top.location.href=t.value))}},d.addEventListener(\"message\",d.wp.receiveEmbedMessage,!1),l.addEventListener(\"DOMContentLoaded\",function(){for(var e,t,s=l.querySelectorAll(\"iframe.wp-embedded-content\"),r=0;r<s.length;r++)(t=(e=s[r]).getAttribute(\"data-secret\"))||(t=Math.random().toString(36).substring(2,12),e.src+=\"#?secret=\"+t,e.setAttribute(\"data-secret\",t)),e.contentWindow.postMessage({message:\"ready\",secret:t},\"*\")},!1)))}(window,document);\n\/\/# sourceURL=https:\/\/centcols.org\/wp-includes\/js\/wp-embed.min.js\n\/* ]]> *\/\n<\/script>","thumbnail_url":"https:\/\/centcols.org\/wp-content\/uploads\/2026\/01\/Col-du-Mazel-pdt-ardechoise.jpg","thumbnail_width":900,"thumbnail_height":1200,"description":"Description de l\u2019auteur Auteur&nbsp;: Ren\u00e9 MercierParcours&nbsp;: effectu\u00e9 en juin 2023D\u00e9part&nbsp;: Vernoux-en-Vivarais, parking du gymnase et de la piscine, \u00e0 la sortie nord de la ville. Descriptif touristique Le parcours est en limite des Monts d&rsquo;Ard\u00e8che entre 350 m et 750 m d&rsquo;altitude. Vernoux-en-Vivarais est situ\u00e9e dans le Haut-Vivarais. Descriptif technique Le parcours est routier \u00e0 [&hellip;]"}

René Mercier

Description de l’auteur Auteur&nbsp;: René MercierParcours&nbsp;: effectué en juin 2023Départ&nbsp;: Vernoux-en-Vivarais, parking du gymnase et de la piscine, à la sortie nord de la ville. Descriptif touristique Le parcours est en limite des Monts d&rsquo;Ardèche entre 350 m et 750 m d&rsquo;altitude. Vernoux-en-Vivarais est située dans le Haut-Vivarais. Descriptif technique Le parcours est routier à [&hellip;]
