{"version":"1.0","provider_name":"Club van Cent Cols","provider_url":"https:\/\/centcols.org\/nl","author_name":"Webmestre","author_url":"https:\/\/centcols.org\/nl\/author\/webmestre\/","title":"Samedi 7 septembre, Dr\u00f4me, Ard\u00e8che, Vaucluse - Club des Cent Cols","type":"rich","width":600,"height":338,"html":"<blockquote class=\"wp-embedded-content\" data-secret=\"27LD9u7JhG\"><a href=\"https:\/\/centcols.org\/nl\/samedi-7-septembre-drome-ardeche-vaucluse\/\">Zaterdag 7 september, Dr\u00f4me, Ard\u00e8che, Vaucluse<\/a><\/blockquote><iframe sandbox=\"allow-scripts\" security=\"restricted\" src=\"https:\/\/centcols.org\/nl\/samedi-7-septembre-drome-ardeche-vaucluse\/embed\/#?secret=27LD9u7JhG\" width=\"600\" height=\"338\" title=\"\u201cZaterdag 7 september, Dr\u00f4me, Ard\u00e8che, Vaucluse\u201d - Club des Cent Cols\" data-secret=\"27LD9u7JhG\" frameborder=\"0\" marginwidth=\"0\" marginheight=\"0\" scrolling=\"no\" class=\"wp-embedded-content\"><\/iframe><script type=\"text\/javascript\">\n\/* <![CDATA[ *\/\n\/*! This file is auto-generated *\/\n!function(d,l){\"use strict\";l.querySelector&&d.addEventListener&&\"undefined\"!=typeof URL&&(d.wp=d.wp||{},d.wp.receiveEmbedMessage||(d.wp.receiveEmbedMessage=function(e){var t=e.data;if((t||t.secret||t.message||t.value)&&!\/[^a-zA-Z0-9]\/.test(t.secret)){for(var s,r,n,a=l.querySelectorAll('iframe[data-secret=\"'+t.secret+'\"]'),o=l.querySelectorAll('blockquote[data-secret=\"'+t.secret+'\"]'),c=new RegExp(\"^https?:$\",\"i\"),i=0;i<o.length;i++)o[i].style.display=\"none\";for(i=0;i<a.length;i++)s=a[i],e.source===s.contentWindow&&(s.removeAttribute(\"style\"),\"height\"===t.message?(1e3<(r=parseInt(t.value,10))?r=1e3:~~r<200&&(r=200),s.height=r):\"link\"===t.message&&(r=new URL(s.getAttribute(\"src\")),n=new URL(t.value),c.test(n.protocol))&&n.host===r.host&&l.activeElement===s&&(d.top.location.href=t.value))}},d.addEventListener(\"message\",d.wp.receiveEmbedMessage,!1),l.addEventListener(\"DOMContentLoaded\",function(){for(var e,t,s=l.querySelectorAll(\"iframe.wp-embedded-content\"),r=0;r<s.length;r++)(t=(e=s[r]).getAttribute(\"data-secret\"))||(t=Math.random().toString(36).substring(2,12),e.src+=\"#?secret=\"+t,e.setAttribute(\"data-secret\",t)),e.contentWindow.postMessage({message:\"ready\",secret:t},\"*\")},!1)))}(window,document);\n\/\/# sourceURL=https:\/\/centcols.org\/wp-includes\/js\/wp-embed.min.js\n\/* ]]> *\/\n<\/script>","thumbnail_url":"https:\/\/centcols.org\/wp-content\/uploads\/2025\/06\/79011.jpg","thumbnail_width":800,"thumbnail_height":602,"description":"Lieu\u00a0: Col de la Croix de Cruas FR-07-0388Le col de la Croix de Cruas se trouve en Ard\u00e8che sur la ligne de cr\u00eate des collines quisurplombent le Rh\u00f4ne entre Le Pouzin et Le Teil.Accueil \u00e0 partir de 11h jusqu\u2019\u00e0 15h30.Les organisateurs vous proposeront un moment de convivialit\u00e9 et d\u2019\u00e9change autourd\u2019un ravitaillement \u00e0 base de produits [&hellip;]"}

Samedi 7 septembre, Drôme, Ardèche, Vaucluse - Club des Cent Cols

<blockquote class="wp-embedded-content" data-secret="27LD9u7JhG"><a href="https://centcols.org/nl/samedi-7-septembre-drome-ardeche-vaucluse/">Zaterdag 7 september, Drôme, Ardèche, Vaucluse</a></blockquote><iframe sandbox="allow-scripts" security="restricted" src="https://centcols.org/nl/samedi-7-septembre-drome-ardeche-vaucluse/embed/#?secret=27LD9u7JhG" width="600" height="338" title="“Zaterdag 7 september, Drôme, Ardèche, Vaucluse” - Club des Cent Cols" data-secret="27LD9u7JhG" frameborder="0" marginwidth="0" marginheight="0" scrolling="no" class="wp-embedded-content"></iframe><script type="text/javascript">
/* <![CDATA[ */
/*! This file is auto-generated */
!function(d,l){"use strict";l.querySelector&&d.addEventListener&&"undefined"!=typeof URL&&(d.wp=d.wp||{},d.wp.receiveEmbedMessage||(d.wp.receiveEmbedMessage=function(e){var t=e.data;if((t||t.secret||t.message||t.value)&&!/[^a-zA-Z0-9]/.test(t.secret)){for(var s,r,n,a=l.querySelectorAll('iframe[data-secret="'+t.secret+'"]'),o=l.querySelectorAll('blockquote[data-secret="'+t.secret+'"]'),c=new RegExp("^https?:$","i"),i=0;i<o.length;i++)o[i].style.display="none";for(i=0;i<a.length;i++)s=a[i],e.source===s.contentWindow&&(s.removeAttribute("style"),"height"===t.message?(1e3<(r=parseInt(t.value,10))?r=1e3:~~r<200&&(r=200),s.height=r):"link"===t.message&&(r=new URL(s.getAttribute("src")),n=new URL(t.value),c.test(n.protocol))&&n.host===r.host&&l.activeElement===s&&(d.top.location.href=t.value))}},d.addEventListener("message",d.wp.receiveEmbedMessage,!1),l.addEventListener("DOMContentLoaded",function(){for(var e,t,s=l.querySelectorAll("iframe.wp-embedded-content"),r=0;r<s.length;r++)(t=(e=s[r]).getAttribute("data-secret"))||(t=Math.random().toString(36).substring(2,12),e.src+="#?secret="+t,e.setAttribute("data-secret",t)),e.contentWindow.postMessage({message:"ready",secret:t},"*")},!1)))}(window,document);
//# sourceURL=https://centcols.org/wp-includes/js/wp-embed.min.js
/* ]]> */
</script>

Lieu : Col de la Croix de Cruas FR-07-0388Le col de la Croix de Cruas se trouve en Ardèche sur la ligne de crête des collines quisurplombent le Rhône entre Le Pouzin et Le Teil.Accueil à partir de 11h jusqu’à 15h30.Les organisateurs vous proposeront un moment de convivialité et d’échange autourd’un ravitaillement à base de produits [&hellip;]
